{"id":39,"date":"2022-06-26T15:44:01","date_gmt":"2022-06-26T15:44:01","guid":{"rendered":"https:\/\/forstbanner.de\/index.php\/maincontent\/"},"modified":"2022-06-27T16:21:46","modified_gmt":"2022-06-27T16:21:46","slug":"maincontent","status":"publish","type":"page","link":"https:\/\/forstbanner.de\/","title":{"rendered":""},"content":{"rendered":"<div id=\"cs-content\" class=\"cs-content\"><\/div>\n","protected":false},"excerpt":{"rendered":"<p>Sehr geehrte Besucher,sch\u00f6n, dass Sie an unseren Produkten und Dienstleistungen interessiert sind. Wir haben es uns zum Auftrag gemacht, unser praktisches Fachwissen und unsere Erfahrung einzusetzen, um praxistaugliche und langlebige Produkte anzubieten, die Ihren individuellen Bed\u00fcrfnissen bestm\u00f6glich angepasst sind und die in einem attraktiven Preis-\/Leistungsverh\u00e4ltnis stehen. Auch bei kleineren St\u00fcckzahlen liefern wir Ihnen Sicherheitsabsperrungen mit individueller, UV-best\u00e4ndiger Bedruckung, ganz nach &#8230; <\/p>\n<div><a href=\"https:\/\/forstbanner.de\/\" class=\"more-link\">Read More<\/a><\/div>\n","protected":false},"author":1,"featured_media":0,"parent":0,"menu_order":0,"comment_status":"closed","ping_status":"closed","template":"","meta":{"footnotes":""},"class_list":["post-39","page","type-page","status-publish","hentry","no-post-thumbnail"],"_links":{"self":[{"href":"https:\/\/forstbanner.de\/index.php\/wp-json\/wp\/v2\/pages\/39","targetHints":{"allow":["GET"]}}],"collection":[{"href":"https:\/\/forstbanner.de\/index.php\/wp-json\/wp\/v2\/pages"}],"about":[{"href":"https:\/\/forstbanner.de\/index.php\/wp-json\/wp\/v2\/types\/page"}],"author":[{"embeddable":true,"href":"https:\/\/forstbanner.de\/index.php\/wp-json\/wp\/v2\/users\/1"}],"replies":[{"embeddable":true,"href":"https:\/\/forstbanner.de\/index.php\/wp-json\/wp\/v2\/comments?post=39"}],"version-history":[{"count":19,"href":"https:\/\/forstbanner.de\/index.php\/wp-json\/wp\/v2\/pages\/39\/revisions"}],"predecessor-version":[{"id":82,"href":"https:\/\/forstbanner.de\/index.php\/wp-json\/wp\/v2\/pages\/39\/revisions\/82"}],"wp:attachment":[{"href":"https:\/\/forstbanner.de\/index.php\/wp-json\/wp\/v2\/media?parent=39"}],"curies":[{"name":"wp","href":"https:\/\/api.w.org\/{rel}","templated":true}]}}